{"id":199,"date":"2026-03-19T21:22:24","date_gmt":"2026-03-19T21:22:24","guid":{"rendered":"http:\/\/hcmoxrk.cluster100.hosting.ovh.net\/?page_id=199"},"modified":"2026-04-10T21:37:47","modified_gmt":"2026-04-10T21:37:47","slug":"stores-parois-japonaises","status":"publish","type":"page","link":"https:\/\/www.lesconfectionsdelaurence.fr\/index.php\/stores-parois-japonaises\/","title":{"rendered":"Stores &amp; Parois Japonaises"},"content":{"rendered":"\t\t<div data-elementor-type=\"wp-page\" data-elementor-id=\"199\" class=\"elementor elementor-199\">\n\t\t\t\t<div class=\"elementor-element elementor-element-85ed99d e-con-full e-flex e-con e-parent\" data-id=\"85ed99d\" data-element_type=\"container\" data-e-type=\"container\" data-settings=\"{&quot;background_background&quot;:&quot;classic&quot;}\">\n\t\t\t\t<div class=\"elementor-element elementor-element-a4ff78a elementor-widget elementor-widget-heading\" data-id=\"a4ff78a\" data-element_type=\"widget\" data-e-type=\"widget\" data-widget_type=\"heading.default\">\n\t\t\t\t\t<h2 class=\"elementor-heading-title elementor-size-default\">STORES &amp; PAROIS JAPONAISES<\/h2>\t\t\t\t<\/div>\n\t\t\t\t<div class=\"elementor-element elementor-element-e6ee95d elementor-widget elementor-widget-heading\" data-id=\"e6ee95d\" data-element_type=\"widget\" data-e-type=\"widget\" data-widget_type=\"heading.default\">\n\t\t\t\t\t<h2 class=\"elementor-heading-title elementor-size-default\">Fonctionnalit\u00e9, modularit\u00e9 et discr\u00e9tion<\/h2>\t\t\t\t<\/div>\n\t\t\t\t<\/div>\n\t\t<div class=\"elementor-element elementor-element-bcbd914 e-flex e-con-boxed e-con e-parent\" data-id=\"bcbd914\" data-element_type=\"container\" data-e-type=\"container\">\n\t\t\t\t\t<div class=\"e-con-inner\">\n\t\t\t\t<div class=\"elementor-element elementor-element-42a364f elementor-widget elementor-widget-text-editor\" data-id=\"42a364f\" data-element_type=\"widget\" data-e-type=\"widget\" data-widget_type=\"text-editor.default\">\n\t\t\t\t\t\t\t\t\t<p class=\"cvGsUA direction-ltr align-center para-style-body\"><strong><span class=\"a_GcMg font-feature-liga-off font-feature-clig-off font-feature-calt-off text-decoration-none text-strikethrough-none\">\u00a0\u00c9l\u00e9gant et tr\u00e8s actuel<\/span><\/strong><span class=\"a_GcMg font-feature-liga-off font-feature-clig-off font-feature-calt-off text-decoration-none text-strikethrough-none\">, le store bateau habille la fen\u00eatre avec l\u00e9g\u00e8ret\u00e9 tout en r\u00e9pondant \u00e0 des <strong>besoins de <\/strong><\/span><strong><span class=\"a_GcMg font-feature-liga-off font-feature-clig-off font-feature-calt-off text-decoration-none text-strikethrough-none\">luminosit\u00e9 et de discr\u00e9tion<\/span><\/strong><span class=\"a_GcMg font-feature-liga-off font-feature-clig-off font-feature-calt-off text-decoration-none text-strikethrough-none\">.<\/span><\/p><p class=\"cvGsUA direction-ltr align-center para-style-body\"><span class=\"a_GcMg font-feature-liga-off font-feature-clig-off font-feature-calt-off text-decoration-none text-strikethrough-none\">Inspir\u00e9es des int\u00e9rieurs japonais, les parois japonaises sont id\u00e9ales pour <\/span><strong><span class=\"a_GcMg font-feature-liga-off font-feature-clig-off font-feature-calt-off text-decoration-none text-strikethrough-none\">habiller de grandes baies<\/span><\/strong><span class=\"a_GcMg font-feature-liga-off font-feature-clig-off font-feature-calt-off text-decoration-none text-strikethrough-none\"><strong> vitr\u00e9es<\/strong> ou <\/span><strong><span class=\"a_GcMg font-feature-liga-off font-feature-clig-off font-feature-calt-off text-decoration-none text-strikethrough-none\">s\u00e9parer des espaces<\/span><\/strong><span class=\"a_GcMg font-feature-liga-off font-feature-clig-off font-feature-calt-off text-decoration-none text-strikethrough-none\"> avec \u00e9l\u00e9gance.<\/span><\/p>\t\t\t\t\t\t\t\t<\/div>\n\t\t\t\t\t<\/div>\n\t\t\t\t<\/div>\n\t\t<div class=\"elementor-element elementor-element-9405772 e-flex e-con-boxed e-con e-parent\" data-id=\"9405772\" data-element_type=\"container\" data-e-type=\"container\">\n\t\t\t\t\t<div class=\"e-con-inner\">\n\t\t\t\t<div class=\"elementor-element elementor-element-5d5fa42 elementor-widget elementor-widget-image\" data-id=\"5d5fa42\" data-element_type=\"widget\" data-e-type=\"widget\" data-widget_type=\"image.default\">\n\t\t\t\t\t\t\t\t\t\t\t\t\t\t\t<img fetchpriority=\"high\" decoding=\"async\" width=\"1024\" height=\"512\" src=\"https:\/\/www.lesconfectionsdelaurence.fr\/wp-content\/uploads\/2026\/04\/7-1-1024x512.png\" class=\"attachment-large size-large wp-image-400\" alt=\"\" srcset=\"https:\/\/www.lesconfectionsdelaurence.fr\/wp-content\/uploads\/2026\/04\/7-1-1024x512.png 1024w, https:\/\/www.lesconfectionsdelaurence.fr\/wp-content\/uploads\/2026\/04\/7-1-300x150.png 300w, https:\/\/www.lesconfectionsdelaurence.fr\/wp-content\/uploads\/2026\/04\/7-1-768x384.png 768w, https:\/\/www.lesconfectionsdelaurence.fr\/wp-content\/uploads\/2026\/04\/7-1.png 1200w\" sizes=\"(max-width: 1024px) 100vw, 1024px\" \/>\t\t\t\t\t\t\t\t\t\t\t\t\t\t\t<\/div>\n\t\t\t\t\t<\/div>\n\t\t\t\t<\/div>\n\t\t<div class=\"elementor-element elementor-element-050dbf7 e-flex e-con-boxed e-con e-parent\" data-id=\"050dbf7\" data-element_type=\"container\" data-e-type=\"container\">\n\t\t\t\t\t<div class=\"e-con-inner\">\n\t\t\t\t<div class=\"elementor-element elementor-element-a33d030 elementor-widget elementor-widget-text-editor\" data-id=\"a33d030\" data-element_type=\"widget\" data-e-type=\"widget\" data-widget_type=\"text-editor.default\">\n\t\t\t\t\t\t\t\t\t<p class=\"cvGsUA direction-ltr align-center para-style-body\"><span class=\"a_GcMg font-feature-liga-off font-feature-clig-off font-feature-calt-off text-decoration-none text-strikethrough-none\">Chaque projet est pens\u00e9 en fonction de <\/span><strong><span class=\"a_GcMg font-feature-liga-off font-feature-clig-off font-feature-calt-off text-decoration-none text-strikethrough-none\">vos besoins<\/span><\/strong><span class=\"a_GcMg font-feature-liga-off font-feature-clig-off font-feature-calt-off text-decoration-none text-strikethrough-none\">, de l\u2019<\/span><strong><span class=\"a_GcMg font-feature-liga-off font-feature-clig-off font-feature-calt-off text-decoration-none text-strikethrough-none\">orientation de votre pi\u00e8ce<\/span><\/strong><span class=\"a_GcMg font-feature-liga-off font-feature-clig-off font-feature-calt-off text-decoration-none text-strikethrough-none\"> et de <\/span><strong><span class=\"a_GcMg font-feature-liga-off font-feature-clig-off font-feature-calt-off text-decoration-none text-strikethrough-none\">votre<\/span> <span class=\"a_GcMg font-feature-liga-off font-feature-clig-off font-feature-calt-off text-decoration-none text-strikethrough-none\">style de vie<\/span><\/strong><span class=\"a_GcMg font-feature-liga-off font-feature-clig-off font-feature-calt-off text-decoration-none text-strikethrough-none\">.<\/span><\/p><p class=\"cvGsUA direction-ltr align-center para-style-body\"><span class=\"a_GcMg font-feature-liga-off font-feature-clig-off font-feature-calt-off text-decoration-none text-strikethrough-none\">En voilage, tamisant ou occultant, j\u2019\u00e9tudie chaque solution selon votre int\u00e9rieur.<\/span><\/p>\t\t\t\t\t\t\t\t<\/div>\n\t\t\t\t\t<\/div>\n\t\t\t\t<\/div>\n\t\t<div class=\"elementor-element elementor-element-2b00c66 e-flex e-con-boxed e-con e-parent\" data-id=\"2b00c66\" data-element_type=\"container\" data-e-type=\"container\">\n\t\t\t\t\t<div class=\"e-con-inner\">\n\t\t<div class=\"elementor-element elementor-element-e52109c e-con-full e-flex e-con e-child\" data-id=\"e52109c\" data-element_type=\"container\" data-e-type=\"container\">\n\t\t\t\t<div class=\"elementor-element elementor-element-07cc4ce elementor-widget elementor-widget-heading\" data-id=\"07cc4ce\" data-element_type=\"widget\" data-e-type=\"widget\" data-widget_type=\"heading.default\">\n\t\t\t\t\t<h2 class=\"elementor-heading-title elementor-size-default\">Envie d\u2019un projet sur mesure ?<\/h2>\t\t\t\t<\/div>\n\t\t\t\t<\/div>\n\t\t<div class=\"elementor-element elementor-element-060b367 e-con-full e-flex e-con e-child\" data-id=\"060b367\" data-element_type=\"container\" data-e-type=\"container\">\n\t\t\t\t<div class=\"elementor-element elementor-element-fb72d32 elementor-mobile-align-center elementor-widget elementor-widget-button\" data-id=\"fb72d32\" data-element_type=\"widget\" data-e-type=\"widget\" data-widget_type=\"button.default\">\n\t\t\t\t\t\t\t\t\t\t<a class=\"elementor-button elementor-button-link elementor-size-sm elementor-animation-grow\" href=\"https:\/\/www.lesconfectionsdelaurence.fr\/index.php\/contactez-moi\/\">\n\t\t\t\t\t\t<span class=\"elementor-button-content-wrapper\">\n\t\t\t\t\t\t\t\t\t<span class=\"elementor-button-text\">Discutons de votre projet<\/span>\n\t\t\t\t\t<\/span>\n\t\t\t\t\t<\/a>\n\t\t\t\t\t\t\t\t<\/div>\n\t\t\t\t<\/div>\n\t\t\t\t\t<\/div>\n\t\t\t\t<\/div>\n\t\t\t\t<\/div>\n\t\t","protected":false},"excerpt":{"rendered":"<p>STORES &amp; PAROIS JAPONAISES Fonctionnalit\u00e9, modularit\u00e9 et discr\u00e9tion \u00a0\u00c9l\u00e9gant et tr\u00e8s actuel, le store bateau habille la fen\u00eatre avec l\u00e9g\u00e8ret\u00e9 tout en r\u00e9pondant \u00e0 des besoins de luminosit\u00e9 et de discr\u00e9tion. Inspir\u00e9es des int\u00e9rieurs japonais, les parois japonaises sont id\u00e9ales pour habiller de grandes baies vitr\u00e9es ou s\u00e9parer des espaces avec \u00e9l\u00e9gance. Chaque projet est [&hellip;]<\/p>\n","protected":false},"author":1,"featured_media":0,"parent":0,"menu_order":0,"comment_status":"closed","ping_status":"closed","template":"","meta":{"ocean_post_layout":"","ocean_both_sidebars_style":"","ocean_both_sidebars_content_width":0,"ocean_both_sidebars_sidebars_width":0,"ocean_sidebar":"","ocean_second_sidebar":"","ocean_disable_margins":"enable","ocean_add_body_class":"","ocean_shortcode_before_top_bar":"","ocean_shortcode_after_top_bar":"","ocean_shortcode_before_header":"","ocean_shortcode_after_header":"","ocean_has_shortcode":"","ocean_shortcode_after_title":"","ocean_shortcode_before_footer_widgets":"","ocean_shortcode_after_footer_widgets":"","ocean_shortcode_before_footer_bottom":"","ocean_shortcode_after_footer_bottom":"","ocean_display_top_bar":"default","ocean_display_header":"default","ocean_header_style":"","ocean_center_header_left_menu":"","ocean_custom_header_template":"","ocean_custom_logo":0,"ocean_custom_retina_logo":0,"ocean_custom_logo_max_width":0,"ocean_custom_logo_tablet_max_width":0,"ocean_custom_logo_mobile_max_width":0,"ocean_custom_logo_max_height":0,"ocean_custom_logo_tablet_max_height":0,"ocean_custom_logo_mobile_max_height":0,"ocean_header_custom_menu":"","ocean_menu_typo_font_family":"","ocean_menu_typo_font_subset":"","ocean_menu_typo_font_size":0,"ocean_menu_typo_font_size_tablet":0,"ocean_menu_typo_font_size_mobile":0,"ocean_menu_typo_font_size_unit":"px","ocean_menu_typo_font_weight":"","ocean_menu_typo_font_weight_tablet":"","ocean_menu_typo_font_weight_mobile":"","ocean_menu_typo_transform":"","ocean_menu_typo_transform_tablet":"","ocean_menu_typo_transform_mobile":"","ocean_menu_typo_line_height":0,"ocean_menu_typo_line_height_tablet":0,"ocean_menu_typo_line_height_mobile":0,"ocean_menu_typo_line_height_unit":"","ocean_menu_typo_spacing":0,"ocean_menu_typo_spacing_tablet":0,"ocean_menu_typo_spacing_mobile":0,"ocean_menu_typo_spacing_unit":"","ocean_menu_link_color":"","ocean_menu_link_color_hover":"","ocean_menu_link_color_active":"","ocean_menu_link_background":"","ocean_menu_link_hover_background":"","ocean_menu_link_active_background":"","ocean_menu_social_links_bg":"","ocean_menu_social_hover_links_bg":"","ocean_menu_social_links_color":"","ocean_menu_social_hover_links_color":"","ocean_disable_title":"on","ocean_disable_heading":"default","ocean_post_title":"","ocean_post_subheading":"","ocean_post_title_style":"","ocean_post_title_background_color":"","ocean_post_title_background":0,"ocean_post_title_bg_image_position":"","ocean_post_title_bg_image_attachment":"","ocean_post_title_bg_image_repeat":"","ocean_post_title_bg_image_size":"","ocean_post_title_height":0,"ocean_post_title_bg_overlay":0.5,"ocean_post_title_bg_overlay_color":"","ocean_disable_breadcrumbs":"default","ocean_breadcrumbs_color":"","ocean_breadcrumbs_separator_color":"","ocean_breadcrumbs_links_color":"","ocean_breadcrumbs_links_hover_color":"","ocean_display_footer_widgets":"default","ocean_display_footer_bottom":"default","ocean_custom_footer_template":"","footnotes":""},"class_list":["post-199","page","type-page","status-publish","hentry","entry"],"yoast_head":"<!-- This site is optimized with the Yoast SEO plugin v27.3 - https:\/\/yoast.com\/product\/yoast-seo-wordpress\/ -->\n<title>Stores &amp; Parois Japonaises - Les Confections de Laurence<\/title>\n<meta name=\"robots\" content=\"index, follow, max-snippet:-1, max-image-preview:large, max-video-preview:-1\" \/>\n<link rel=\"canonical\" href=\"https:\/\/www.lesconfectionsdelaurence.fr\/index.php\/stores-parois-japonaises\/\" \/>\n<meta property=\"og:locale\" content=\"fr_FR\" \/>\n<meta property=\"og:type\" content=\"article\" \/>\n<meta property=\"og:title\" content=\"Stores &amp; Parois Japonaises - Les Confections de Laurence\" \/>\n<meta property=\"og:description\" content=\"STORES &amp; PAROIS JAPONAISES Fonctionnalit\u00e9, modularit\u00e9 et discr\u00e9tion \u00a0\u00c9l\u00e9gant et tr\u00e8s actuel, le store bateau habille la fen\u00eatre avec l\u00e9g\u00e8ret\u00e9 tout en r\u00e9pondant \u00e0 des besoins de luminosit\u00e9 et de discr\u00e9tion. Inspir\u00e9es des int\u00e9rieurs japonais, les parois japonaises sont id\u00e9ales pour habiller de grandes baies vitr\u00e9es ou s\u00e9parer des espaces avec \u00e9l\u00e9gance. Chaque projet est [&hellip;]\" \/>\n<meta property=\"og:url\" content=\"https:\/\/www.lesconfectionsdelaurence.fr\/index.php\/stores-parois-japonaises\/\" \/>\n<meta property=\"og:site_name\" content=\"Les Confections de Laurence\" \/>\n<meta property=\"article:modified_time\" content=\"2026-04-10T21:37:47+00:00\" \/>\n<meta property=\"og:image\" content=\"https:\/\/www.lesconfectionsdelaurence.fr\/wp-content\/uploads\/2026\/04\/7-1.png\" \/>\n\t<meta property=\"og:image:width\" content=\"1200\" \/>\n\t<meta property=\"og:image:height\" content=\"600\" \/>\n\t<meta property=\"og:image:type\" content=\"image\/png\" \/>\n<meta name=\"twitter:card\" content=\"summary_large_image\" \/>\n<meta name=\"twitter:label1\" content=\"Dur\u00e9e de lecture estim\u00e9e\" \/>\n\t<meta name=\"twitter:data1\" content=\"1 minute\" \/>\n<script type=\"application\/ld+json\" class=\"yoast-schema-graph\">{\"@context\":\"https:\\\/\\\/schema.org\",\"@graph\":[{\"@type\":\"WebPage\",\"@id\":\"https:\\\/\\\/www.lesconfectionsdelaurence.fr\\\/index.php\\\/stores-parois-japonaises\\\/\",\"url\":\"https:\\\/\\\/www.lesconfectionsdelaurence.fr\\\/index.php\\\/stores-parois-japonaises\\\/\",\"name\":\"Stores &amp; Parois Japonaises - Les Confections de Laurence\",\"isPartOf\":{\"@id\":\"https:\\\/\\\/www.lesconfectionsdelaurence.fr\\\/#website\"},\"primaryImageOfPage\":{\"@id\":\"https:\\\/\\\/www.lesconfectionsdelaurence.fr\\\/index.php\\\/stores-parois-japonaises\\\/#primaryimage\"},\"image\":{\"@id\":\"https:\\\/\\\/www.lesconfectionsdelaurence.fr\\\/index.php\\\/stores-parois-japonaises\\\/#primaryimage\"},\"thumbnailUrl\":\"https:\\\/\\\/www.lesconfectionsdelaurence.fr\\\/wp-content\\\/uploads\\\/2026\\\/04\\\/7-1-1024x512.png\",\"datePublished\":\"2026-03-19T21:22:24+00:00\",\"dateModified\":\"2026-04-10T21:37:47+00:00\",\"breadcrumb\":{\"@id\":\"https:\\\/\\\/www.lesconfectionsdelaurence.fr\\\/index.php\\\/stores-parois-japonaises\\\/#breadcrumb\"},\"inLanguage\":\"fr-FR\",\"potentialAction\":[{\"@type\":\"ReadAction\",\"target\":[\"https:\\\/\\\/www.lesconfectionsdelaurence.fr\\\/index.php\\\/stores-parois-japonaises\\\/\"]}]},{\"@type\":\"ImageObject\",\"inLanguage\":\"fr-FR\",\"@id\":\"https:\\\/\\\/www.lesconfectionsdelaurence.fr\\\/index.php\\\/stores-parois-japonaises\\\/#primaryimage\",\"url\":\"https:\\\/\\\/www.lesconfectionsdelaurence.fr\\\/wp-content\\\/uploads\\\/2026\\\/04\\\/7-1.png\",\"contentUrl\":\"https:\\\/\\\/www.lesconfectionsdelaurence.fr\\\/wp-content\\\/uploads\\\/2026\\\/04\\\/7-1.png\",\"width\":1200,\"height\":600},{\"@type\":\"BreadcrumbList\",\"@id\":\"https:\\\/\\\/www.lesconfectionsdelaurence.fr\\\/index.php\\\/stores-parois-japonaises\\\/#breadcrumb\",\"itemListElement\":[{\"@type\":\"ListItem\",\"position\":1,\"name\":\"Accueil\",\"item\":\"https:\\\/\\\/www.lesconfectionsdelaurence.fr\\\/\"},{\"@type\":\"ListItem\",\"position\":2,\"name\":\"Stores &amp; Parois Japonaises\"}]},{\"@type\":\"WebSite\",\"@id\":\"https:\\\/\\\/www.lesconfectionsdelaurence.fr\\\/#website\",\"url\":\"https:\\\/\\\/www.lesconfectionsdelaurence.fr\\\/\",\"name\":\"Les Confections de Laurence\",\"description\":\"L&#039;art d&#039;habillier vos fen\u00eatres\",\"publisher\":{\"@id\":\"https:\\\/\\\/www.lesconfectionsdelaurence.fr\\\/#organization\"},\"potentialAction\":[{\"@type\":\"SearchAction\",\"target\":{\"@type\":\"EntryPoint\",\"urlTemplate\":\"https:\\\/\\\/www.lesconfectionsdelaurence.fr\\\/?s={search_term_string}\"},\"query-input\":{\"@type\":\"PropertyValueSpecification\",\"valueRequired\":true,\"valueName\":\"search_term_string\"}}],\"inLanguage\":\"fr-FR\"},{\"@type\":\"Organization\",\"@id\":\"https:\\\/\\\/www.lesconfectionsdelaurence.fr\\\/#organization\",\"name\":\"Les Confections de Laurence\",\"url\":\"https:\\\/\\\/www.lesconfectionsdelaurence.fr\\\/\",\"logo\":{\"@type\":\"ImageObject\",\"inLanguage\":\"fr-FR\",\"@id\":\"https:\\\/\\\/www.lesconfectionsdelaurence.fr\\\/#\\\/schema\\\/logo\\\/image\\\/\",\"url\":\"https:\\\/\\\/www.lesconfectionsdelaurence.fr\\\/wp-content\\\/uploads\\\/2025\\\/12\\\/cropped-cropped-logo-Laurence-180.png\",\"contentUrl\":\"https:\\\/\\\/www.lesconfectionsdelaurence.fr\\\/wp-content\\\/uploads\\\/2025\\\/12\\\/cropped-cropped-logo-Laurence-180.png\",\"width\":512,\"height\":476,\"caption\":\"Les Confections de Laurence\"},\"image\":{\"@id\":\"https:\\\/\\\/www.lesconfectionsdelaurence.fr\\\/#\\\/schema\\\/logo\\\/image\\\/\"}}]}<\/script>\n<!-- \/ Yoast SEO plugin. -->","yoast_head_json":{"title":"Stores &amp; Parois Japonaises - Les Confections de Laurence","robots":{"index":"index","follow":"follow","max-snippet":"max-snippet:-1","max-image-preview":"max-image-preview:large","max-video-preview":"max-video-preview:-1"},"canonical":"https:\/\/www.lesconfectionsdelaurence.fr\/index.php\/stores-parois-japonaises\/","og_locale":"fr_FR","og_type":"article","og_title":"Stores &amp; Parois Japonaises - Les Confections de Laurence","og_description":"STORES &amp; PAROIS JAPONAISES Fonctionnalit\u00e9, modularit\u00e9 et discr\u00e9tion \u00a0\u00c9l\u00e9gant et tr\u00e8s actuel, le store bateau habille la fen\u00eatre avec l\u00e9g\u00e8ret\u00e9 tout en r\u00e9pondant \u00e0 des besoins de luminosit\u00e9 et de discr\u00e9tion. Inspir\u00e9es des int\u00e9rieurs japonais, les parois japonaises sont id\u00e9ales pour habiller de grandes baies vitr\u00e9es ou s\u00e9parer des espaces avec \u00e9l\u00e9gance. Chaque projet est [&hellip;]","og_url":"https:\/\/www.lesconfectionsdelaurence.fr\/index.php\/stores-parois-japonaises\/","og_site_name":"Les Confections de Laurence","article_modified_time":"2026-04-10T21:37:47+00:00","og_image":[{"width":1200,"height":600,"url":"https:\/\/www.lesconfectionsdelaurence.fr\/wp-content\/uploads\/2026\/04\/7-1.png","type":"image\/png"}],"twitter_card":"summary_large_image","twitter_misc":{"Dur\u00e9e de lecture estim\u00e9e":"1 minute"},"schema":{"@context":"https:\/\/schema.org","@graph":[{"@type":"WebPage","@id":"https:\/\/www.lesconfectionsdelaurence.fr\/index.php\/stores-parois-japonaises\/","url":"https:\/\/www.lesconfectionsdelaurence.fr\/index.php\/stores-parois-japonaises\/","name":"Stores &amp; Parois Japonaises - Les Confections de Laurence","isPartOf":{"@id":"https:\/\/www.lesconfectionsdelaurence.fr\/#website"},"primaryImageOfPage":{"@id":"https:\/\/www.lesconfectionsdelaurence.fr\/index.php\/stores-parois-japonaises\/#primaryimage"},"image":{"@id":"https:\/\/www.lesconfectionsdelaurence.fr\/index.php\/stores-parois-japonaises\/#primaryimage"},"thumbnailUrl":"https:\/\/www.lesconfectionsdelaurence.fr\/wp-content\/uploads\/2026\/04\/7-1-1024x512.png","datePublished":"2026-03-19T21:22:24+00:00","dateModified":"2026-04-10T21:37:47+00:00","breadcrumb":{"@id":"https:\/\/www.lesconfectionsdelaurence.fr\/index.php\/stores-parois-japonaises\/#breadcrumb"},"inLanguage":"fr-FR","potentialAction":[{"@type":"ReadAction","target":["https:\/\/www.lesconfectionsdelaurence.fr\/index.php\/stores-parois-japonaises\/"]}]},{"@type":"ImageObject","inLanguage":"fr-FR","@id":"https:\/\/www.lesconfectionsdelaurence.fr\/index.php\/stores-parois-japonaises\/#primaryimage","url":"https:\/\/www.lesconfectionsdelaurence.fr\/wp-content\/uploads\/2026\/04\/7-1.png","contentUrl":"https:\/\/www.lesconfectionsdelaurence.fr\/wp-content\/uploads\/2026\/04\/7-1.png","width":1200,"height":600},{"@type":"BreadcrumbList","@id":"https:\/\/www.lesconfectionsdelaurence.fr\/index.php\/stores-parois-japonaises\/#breadcrumb","itemListElement":[{"@type":"ListItem","position":1,"name":"Accueil","item":"https:\/\/www.lesconfectionsdelaurence.fr\/"},{"@type":"ListItem","position":2,"name":"Stores &amp; Parois Japonaises"}]},{"@type":"WebSite","@id":"https:\/\/www.lesconfectionsdelaurence.fr\/#website","url":"https:\/\/www.lesconfectionsdelaurence.fr\/","name":"Les Confections de Laurence","description":"L&#039;art d&#039;habillier vos fen\u00eatres","publisher":{"@id":"https:\/\/www.lesconfectionsdelaurence.fr\/#organization"},"potentialAction":[{"@type":"SearchAction","target":{"@type":"EntryPoint","urlTemplate":"https:\/\/www.lesconfectionsdelaurence.fr\/?s={search_term_string}"},"query-input":{"@type":"PropertyValueSpecification","valueRequired":true,"valueName":"search_term_string"}}],"inLanguage":"fr-FR"},{"@type":"Organization","@id":"https:\/\/www.lesconfectionsdelaurence.fr\/#organization","name":"Les Confections de Laurence","url":"https:\/\/www.lesconfectionsdelaurence.fr\/","logo":{"@type":"ImageObject","inLanguage":"fr-FR","@id":"https:\/\/www.lesconfectionsdelaurence.fr\/#\/schema\/logo\/image\/","url":"https:\/\/www.lesconfectionsdelaurence.fr\/wp-content\/uploads\/2025\/12\/cropped-cropped-logo-Laurence-180.png","contentUrl":"https:\/\/www.lesconfectionsdelaurence.fr\/wp-content\/uploads\/2025\/12\/cropped-cropped-logo-Laurence-180.png","width":512,"height":476,"caption":"Les Confections de Laurence"},"image":{"@id":"https:\/\/www.lesconfectionsdelaurence.fr\/#\/schema\/logo\/image\/"}}]}},"_links":{"self":[{"href":"https:\/\/www.lesconfectionsdelaurence.fr\/index.php\/wp-json\/wp\/v2\/pages\/199","targetHints":{"allow":["GET"]}}],"collection":[{"href":"https:\/\/www.lesconfectionsdelaurence.fr\/index.php\/wp-json\/wp\/v2\/pages"}],"about":[{"href":"https:\/\/www.lesconfectionsdelaurence.fr\/index.php\/wp-json\/wp\/v2\/types\/page"}],"author":[{"embeddable":true,"href":"https:\/\/www.lesconfectionsdelaurence.fr\/index.php\/wp-json\/wp\/v2\/users\/1"}],"replies":[{"embeddable":true,"href":"https:\/\/www.lesconfectionsdelaurence.fr\/index.php\/wp-json\/wp\/v2\/comments?post=199"}],"version-history":[{"count":25,"href":"https:\/\/www.lesconfectionsdelaurence.fr\/index.php\/wp-json\/wp\/v2\/pages\/199\/revisions"}],"predecessor-version":[{"id":533,"href":"https:\/\/www.lesconfectionsdelaurence.fr\/index.php\/wp-json\/wp\/v2\/pages\/199\/revisions\/533"}],"wp:attachment":[{"href":"https:\/\/www.lesconfectionsdelaurence.fr\/index.php\/wp-json\/wp\/v2\/media?parent=199"}],"curies":[{"name":"wp","href":"https:\/\/api.w.org\/{rel}","templated":true}]}}